{"id":1642,"date":"2020-12-29T17:56:06","date_gmt":"2020-12-29T17:56:06","guid":{"rendered":"https:\/\/www.bronmotos.fr\/?page_id=1642"},"modified":"2021-09-29T13:36:52","modified_gmt":"2021-09-29T13:36:52","slug":"la-presse-les-salons","status":"publish","type":"page","link":"https:\/\/www.bronmotos.fr\/?page_id=1642","title":{"rendered":"La presse, les salons&#8230;"},"content":{"rendered":"\r\n<figure class=\"wp-block-gallery columns-3 is-cropped wp-block-gallery-1 is-layout-flex wp-block-gallery-is-layout-flex\">\r\n<figure><img loading=\"lazy\" decoding=\"async\" width=\"1191\" height=\"842\" class=\"wp-image-1650\" src=\"https:\/\/www.bronmotos.fr\/wp-content\/uploads\/2020\/12\/DESM72_Sport-1000-Bron-Moto-OK-MT2.jpg\" alt=\"\" data-id=\"1650\" data-full-url=\"https:\/\/www.bronmotos.fr\/wp-content\/uploads\/2020\/12\/DESM72_Sport-1000-Bron-Moto-OK-MT2.jpg\" data-link=\"https:\/\/www.bronmotos.fr\/?attachment_id=1650\"><\/figure>\r\n<figure><img loading=\"lazy\" decoding=\"async\" width=\"1191\" height=\"842\" class=\"wp-image-1651\" src=\"https:\/\/www.bronmotos.fr\/wp-content\/uploads\/2020\/12\/DESM72_Sport-1000-Bron-Moto-OK-MT3.jpg\" alt=\"\" data-id=\"1651\" data-full-url=\"https:\/\/www.bronmotos.fr\/wp-content\/uploads\/2020\/12\/DESM72_Sport-1000-Bron-Moto-OK-MT3.jpg\" data-link=\"https:\/\/www.bronmotos.fr\/?attachment_id=1651\"><\/figure>\r\n<figure><img loading=\"lazy\" decoding=\"async\" width=\"1191\" height=\"842\" class=\"wp-image-1649\" src=\"https:\/\/www.bronmotos.fr\/wp-content\/uploads\/2020\/12\/DESM72_Sport-1000-Bron-Moto-OK-MT.jpg\" alt=\"\" data-id=\"1649\" data-full-url=\"https:\/\/www.bronmotos.fr\/wp-content\/uploads\/2020\/12\/DESM72_Sport-1000-Bron-Moto-OK-MT.jpg\" data-link=\"https:\/\/www.bronmotos.fr\/?attachment_id=1649\"><\/figure>\r\n<figure><img loading=\"lazy\" decoding=\"async\" width=\"710\" height=\"600\" class=\"wp-image-1306\" src=\"https:\/\/www.bronmotos.fr\/wp-content\/uploads\/2017\/02\/P1070760-710x600.jpg\" alt=\"\" data-id=\"1306\" data-full-url=\"https:\/\/www.bronmotos.fr\/wp-content\/uploads\/2017\/02\/P1070760.jpg\" data-link=\"https:\/\/www.bronmotos.fr\/?attachment_id=1306\"><\/figure>\r\n<figure><img loading=\"lazy\" decoding=\"async\" width=\"710\" height=\"600\" class=\"wp-image-1299 aligncenter\" src=\"https:\/\/www.bronmotos.fr\/wp-content\/uploads\/2017\/02\/P1070781-710x600.jpg\" alt=\"\" data-id=\"1299\" data-full-url=\"https:\/\/www.bronmotos.fr\/wp-content\/uploads\/2017\/02\/P1070781.jpg\" data-link=\"https:\/\/www.bronmotos.fr\/?attachment_id=1299\"><\/figure>\r\n<figure><img loading=\"lazy\" decoding=\"async\" width=\"368\" height=\"260\" class=\"wp-image-864 aligncenter\" src=\"https:\/\/www.bronmotos.fr\/wp-content\/uploads\/2015\/02\/DESM72_Sport-1000-Bron-Moto-OK-MT3-368x260.jpg\" alt=\"\" data-id=\"864\" data-full-url=\"https:\/\/www.bronmotos.fr\/wp-content\/uploads\/2015\/02\/DESM72_Sport-1000-Bron-Moto-OK-MT3.jpg\" data-link=\"https:\/\/www.bronmotos.fr\/?attachment_id=864\" srcset=\"https:\/\/www.bronmotos.fr\/wp-content\/uploads\/2015\/02\/DESM72_Sport-1000-Bron-Moto-OK-MT3-368x260.jpg 368w, https:\/\/www.bronmotos.fr\/wp-content\/uploads\/2015\/02\/DESM72_Sport-1000-Bron-Moto-OK-MT3-198x140.jpg 198w, https:\/\/www.bronmotos.fr\/wp-content\/uploads\/2015\/02\/DESM72_Sport-1000-Bron-Moto-OK-MT3-1018x720.jpg 1018w, https:\/\/www.bronmotos.fr\/wp-content\/uploads\/2015\/02\/DESM72_Sport-1000-Bron-Moto-OK-MT3.jpg 1191w\" sizes=\"auto, (max-width: 368px) 100vw, 368px\" \/><\/figure>\r\n<figure>\r\n<figure><img loading=\"lazy\" decoding=\"async\" width=\"470\" height=\"232\" class=\"wp-image-687 aligncenter\" src=\"https:\/\/www.bronmotos.fr\/wp-content\/uploads\/2014\/09\/invitation-red-sunday-4-470x232.jpg\" alt=\"\" data-id=\"687\" data-full-url=\"https:\/\/www.bronmotos.fr\/wp-content\/uploads\/2014\/09\/invitation-red-sunday-4.jpg\" data-link=\"https:\/\/www.bronmotos.fr\/?attachment_id=687\" srcset=\"https:\/\/www.bronmotos.fr\/wp-content\/uploads\/2014\/09\/invitation-red-sunday-4-470x232.jpg 470w, https:\/\/www.bronmotos.fr\/wp-content\/uploads\/2014\/09\/invitation-red-sunday-4-282x140.jpg 282w, https:\/\/www.bronmotos.fr\/wp-content\/uploads\/2014\/09\/invitation-red-sunday-4-750x371.jpg 750w\" sizes=\"auto, (max-width: 470px) 100vw, 470px\" \/><\/figure>\r\n<img loading=\"lazy\" decoding=\"async\" class=\"wp-image-742 aligncenter\" src=\"https:\/\/www.bronmotos.fr\/wp-content\/uploads\/2014\/10\/rs14-389x260.jpg\" alt=\"\" data-id=\"742\" data-full-url=\"https:\/\/www.bronmotos.fr\/wp-content\/uploads\/2014\/10\/rs14.jpg\" data-link=\"https:\/\/www.bronmotos.fr\/?attachment_id=742\" width=\"311\" height=\"208\" srcset=\"https:\/\/www.bronmotos.fr\/wp-content\/uploads\/2014\/10\/rs14-389x260.jpg 389w, https:\/\/www.bronmotos.fr\/wp-content\/uploads\/2014\/10\/rs14-209x140.jpg 209w, https:\/\/www.bronmotos.fr\/wp-content\/uploads\/2014\/10\/rs14.jpg 397w\" sizes=\"auto, (max-width: 311px) 100vw, 311px\" \/><\/figure>\r\n<figure><img loading=\"lazy\" decoding=\"async\" class=\"wp-image-741 aligncenter\" src=\"https:\/\/www.bronmotos.fr\/wp-content\/uploads\/2014\/10\/rs15-390x260.jpg\" alt=\"\" data-id=\"741\" data-full-url=\"https:\/\/www.bronmotos.fr\/wp-content\/uploads\/2014\/10\/rs15.jpg\" data-link=\"https:\/\/www.bronmotos.fr\/?attachment_id=741\" width=\"308\" height=\"205\" srcset=\"https:\/\/www.bronmotos.fr\/wp-content\/uploads\/2014\/10\/rs15-390x260.jpg 390w, https:\/\/www.bronmotos.fr\/wp-content\/uploads\/2014\/10\/rs15-210x140.jpg 210w, https:\/\/www.bronmotos.fr\/wp-content\/uploads\/2014\/10\/rs15.jpg 398w\" sizes=\"auto, (max-width: 308px) 100vw, 308px\" \/><\/figure>\r\n<figure><img loading=\"lazy\" decoding=\"async\" class=\"wp-image-743 aligncenter\" src=\"https:\/\/www.bronmotos.fr\/wp-content\/uploads\/2014\/10\/rs13-389x260.jpg\" alt=\"\" data-id=\"743\" data-full-url=\"https:\/\/www.bronmotos.fr\/wp-content\/uploads\/2014\/10\/rs13.jpg\" data-link=\"https:\/\/www.bronmotos.fr\/?attachment_id=743\" width=\"315\" height=\"211\" srcset=\"https:\/\/www.bronmotos.fr\/wp-content\/uploads\/2014\/10\/rs13-389x260.jpg 389w, https:\/\/www.bronmotos.fr\/wp-content\/uploads\/2014\/10\/rs13-209x140.jpg 209w, https:\/\/www.bronmotos.fr\/wp-content\/uploads\/2014\/10\/rs13.jpg 398w\" sizes=\"auto, (max-width: 315px) 100vw, 315px\" \/><\/figure>\r\n<br>\r\n<ul class=\"blocks-gallery-grid\">\r\n<li style=\"text-align: left;\"><strong><span style=\"color: #ff0000;\">Bron Motos<\/span><\/strong> pr\u00e9sent lors de grands \u00e9v\u00e9nements Motos depuis 10 ans : Salon du 2 roues de Villefranche, Salon du 2 roues de Lyon&#8230;<\/li>\r\n<li><span style=\"color: #ff0000;\"><strong>Bron Motos<\/strong><\/span> organisateur d&rsquo;\u00e9v\u00e9nement Motos : Red Sunday avec plus de 100 Ducati rassembl\u00e9es au Carr\u00e9 de de Soie&#8230;<\/li>\r\n<li><span style=\"color: #ff0000;\"><strong>Bron Motos<\/strong><\/span> pr\u00e9sent dans des publications sp\u00e9cialis\u00e9es avec les essais de ses r\u00e9alisations&#8230;<\/li>\r\n<li><span style=\"color: #ff0000;\"><strong>Bron Motos<\/strong><\/span> propose chaque ann\u00e9e \u00e0 ses clients une journ\u00e9e de roulage sur un circuit&#8230;<\/li>\r\n<li><span style=\"color: #ff0000;\"><strong>Bron Motos<\/strong><\/span> est membre du <a href=\"http:\/\/www.desmoclublyon.com\">Desmo Club Lyon<\/a>.<\/li>\r\n<\/ul>\r\n<\/figure>\r\n<p><img loading=\"lazy\" decoding=\"async\" class=\" wp-image-1934 aligncenter\" src=\"https:\/\/www.bronmotos.fr\/wp-content\/uploads\/2021\/01\/Eicma2013-106.jpg\" alt=\"\" width=\"463\" height=\"576\"><\/p>\r\n<p><img loading=\"lazy\" decoding=\"async\" class=\"wp-image-1935 aligncenter\" src=\"https:\/\/www.bronmotos.fr\/wp-content\/uploads\/2021\/01\/flyer-invitation-Vendredi-1er-Mars-2013-2.jpg\" alt=\"\" width=\"502\" height=\"237\"><\/p>\r\n<p><img loading=\"lazy\" decoding=\"async\" class=\"wp-image-1933 aligncenter\" src=\"https:\/\/www.bronmotos.fr\/wp-content\/uploads\/2021\/01\/DSC05208.jpg\" alt=\"\" width=\"498\" height=\"373\"><\/p>\r\n<p><img loading=\"lazy\" decoding=\"async\" class=\"wp-image-1932 aligncenter\" src=\"https:\/\/www.bronmotos.fr\/wp-content\/uploads\/2021\/01\/Copie-de-IMG_7253.jpg\" alt=\"\" width=\"474\" height=\"316\"><\/p>\r\n<p><img loading=\"lazy\" decoding=\"async\" class=\"wp-image-1938 aligncenter\" src=\"https:\/\/www.bronmotos.fr\/wp-content\/uploads\/2021\/01\/IMG_1174.jpg\" alt=\"\" width=\"588\" height=\"688\"><\/p>\r\n<p><img loading=\"lazy\" decoding=\"async\" class=\"wp-image-1977 aligncenter\" src=\"https:\/\/www.bronmotos.fr\/wp-content\/uploads\/2021\/01\/flyer-invitation-Vendredi-1er-Mars-2013-2-1.jpg\" alt=\"\" width=\"424\" height=\"200\"><\/p>\r\n<p><img loading=\"lazy\" decoding=\"async\" class=\"wp-image-1978 aligncenter\" src=\"https:\/\/www.bronmotos.fr\/wp-content\/uploads\/2021\/01\/flyer-tableau-bord-8-final.jpg\" alt=\"\" width=\"432\" height=\"214\"><\/p>\r\n<p>&nbsp;<\/p>\r\n<p style=\"text-align: center;\">Bron Motos, depuis 10 ans, modifie et optimise des machines du <a href=\"http:\/\/www.desmoclublyon.com\">Desmo Club Lyon<\/a>.<\/p>\r\n<p>&nbsp;<\/p>\r\n<p><img loading=\"lazy\" decoding=\"async\" class=\"wp-image-2057 aligncenter\" src=\"https:\/\/www.bronmotos.fr\/wp-content\/uploads\/2021\/03\/Racing-1000x556.jpg\" alt=\"\" width=\"426\" height=\"237\" srcset=\"https:\/\/www.bronmotos.fr\/wp-content\/uploads\/2021\/03\/Racing-1000x556.jpg 1000w, https:\/\/www.bronmotos.fr\/wp-content\/uploads\/2021\/03\/Racing-768x427.jpg 768w, https:\/\/www.bronmotos.fr\/wp-content\/uploads\/2021\/03\/Racing-600x333.jpg 600w, https:\/\/www.bronmotos.fr\/wp-content\/uploads\/2021\/03\/Racing-945x525.jpg 945w, https:\/\/www.bronmotos.fr\/wp-content\/uploads\/2021\/03\/Racing.jpg 1024w\" sizes=\"auto, (max-width: 426px) 100vw, 426px\" \/><\/p>\r\n","protected":false},"excerpt":{"rendered":"","protected":false},"author":3,"featured_media":0,"parent":0,"menu_order":0,"comment_status":"closed","ping_status":"closed","template":"","meta":{"ngg_post_thumbnail":0,"footnotes":""},"categories":[124],"tags":[],"class_list":["post-1642","page","type-page","status-publish","hentry","category-salons-presse"],"_links":{"self":[{"href":"https:\/\/www.bronmotos.fr\/index.php?rest_route=\/wp\/v2\/pages\/1642","targetHints":{"allow":["GET"]}}],"collection":[{"href":"https:\/\/www.bronmotos.fr\/index.php?rest_route=\/wp\/v2\/pages"}],"about":[{"href":"https:\/\/www.bronmotos.fr\/index.php?rest_route=\/wp\/v2\/types\/page"}],"author":[{"embeddable":true,"href":"https:\/\/www.bronmotos.fr\/index.php?rest_route=\/wp\/v2\/users\/3"}],"replies":[{"embeddable":true,"href":"https:\/\/www.bronmotos.fr\/index.php?rest_route=%2Fwp%2Fv2%2Fcomments&post=1642"}],"version-history":[{"count":15,"href":"https:\/\/www.bronmotos.fr\/index.php?rest_route=\/wp\/v2\/pages\/1642\/revisions"}],"predecessor-version":[{"id":2446,"href":"https:\/\/www.bronmotos.fr\/index.php?rest_route=\/wp\/v2\/pages\/1642\/revisions\/2446"}],"wp:attachment":[{"href":"https:\/\/www.bronmotos.fr\/index.php?rest_route=%2Fwp%2Fv2%2Fmedia&parent=1642"}],"wp:term":[{"taxonomy":"category","embeddable":true,"href":"https:\/\/www.bronmotos.fr\/index.php?rest_route=%2Fwp%2Fv2%2Fcategories&post=1642"},{"taxonomy":"post_tag","embeddable":true,"href":"https:\/\/www.bronmotos.fr\/index.php?rest_route=%2Fwp%2Fv2%2Ftags&post=1642"}],"curies":[{"name":"wp","href":"https:\/\/api.w.org\/{rel}","templated":true}]}}